
{"id":725,"date":"2019-02-03T13:24:23","date_gmt":"2019-02-03T12:24:23","guid":{"rendered":"http:\/\/izba.wroclawska.komornik.pl\/?page_id=725"},"modified":"2019-05-17T15:33:04","modified_gmt":"2019-05-17T13:33:04","slug":"opinie","status":"publish","type":"page","link":"https:\/\/izba.wroclawska.komornik.pl\/?page_id=725","title":{"rendered":"Opinie"},"content":{"rendered":"<p>Rada Izby Komorniczej w Gda\u0144sku poni\u017cej przedstawia opini\u0119 dot. miesi\u0119cznych rozlicze\u0144 dzia\u0142alno\u015bci Komornik\u00f3w.<\/p>\n<p><a href=\"http:\/\/izba.wroclawska.komornik.pl\/wp-content\/uploads\/2019\/05\/Opinia-op\u0142aty.pdf\">Opinia op\u0142aty<\/a><\/p>\n","protected":false},"excerpt":{"rendered":"<p>Rada Izby Komorniczej w Gda\u0144sku poni\u017cej przedstawia opini\u0119 dot. miesi\u0119cznych rozlicze\u0144 dzia\u0142alno\u015bci Komornik\u00f3w. Opinia op\u0142aty<\/p>\n","protected":false},"author":4,"featured_media":0,"parent":723,"menu_order":0,"comment_status":"closed","ping_status":"closed","template":"page-stronakomornikow.php","meta":{"footnotes":""},"class_list":["post-725","page","type-page","status-publish","hentry"],"_links":{"self":[{"href":"https:\/\/izba.wroclawska.komornik.pl\/index.php?rest_route=\/wp\/v2\/pages\/725","targetHints":{"allow":["GET"]}}],"collection":[{"href":"https:\/\/izba.wroclawska.komornik.pl\/index.php?rest_route=\/wp\/v2\/pages"}],"about":[{"href":"https:\/\/izba.wroclawska.komornik.pl\/index.php?rest_route=\/wp\/v2\/types\/page"}],"author":[{"embeddable":true,"href":"https:\/\/izba.wroclawska.komornik.pl\/index.php?rest_route=\/wp\/v2\/users\/4"}],"replies":[{"embeddable":true,"href":"https:\/\/izba.wroclawska.komornik.pl\/index.php?rest_route=%2Fwp%2Fv2%2Fcomments&post=725"}],"version-history":[{"count":6,"href":"https:\/\/izba.wroclawska.komornik.pl\/index.php?rest_route=\/wp\/v2\/pages\/725\/revisions"}],"predecessor-version":[{"id":922,"href":"https:\/\/izba.wroclawska.komornik.pl\/index.php?rest_route=\/wp\/v2\/pages\/725\/revisions\/922"}],"up":[{"embeddable":true,"href":"https:\/\/izba.wroclawska.komornik.pl\/index.php?rest_route=\/wp\/v2\/pages\/723"}],"wp:attachment":[{"href":"https:\/\/izba.wroclawska.komornik.pl\/index.php?rest_route=%2Fwp%2Fv2%2Fmedia&parent=725"}],"curies":[{"name":"wp","href":"https:\/\/api.w.org\/{rel}","templated":true}]}}