
{"id":18,"date":"2015-03-03T23:45:30","date_gmt":"2015-03-03T22:45:30","guid":{"rendered":"http:\/\/www.strefa.gr\/komornicy\/?page_id=18"},"modified":"2020-02-11T23:31:01","modified_gmt":"2020-02-11T22:31:01","slug":"main-page","status":"publish","type":"page","link":"https:\/\/izba.wroclawska.komornik.pl\/","title":{"rendered":"Strona g\u0142\u00f3wna"},"content":{"rendered":"\n        <div class=\"wp-tiles-container\">\n        \n            <div id=\"wp_tiles_1\" class=\"wp-tiles-grid wp-tiles-byline-align-top wp-tiles-byline-animated wp-tiles-byline-fade-in wp-tiles-image-animated wp-tiles-image-color-overlay\">\n                        \n                <div class='wp-tiles-tile aktualnosci' id='tile-3028'>\n                \n                    <a href=\"https:\/\/izba.wroclawska.komornik.pl\/?p=3028\" title=\"Biuro IK Wroc\u0142aw\">\n                \n                        <article class='wp-tiles-tile-with-image wp-tiles-tile-wrapper' itemscope itemtype=\"http:\/\/schema.org\/CreativeWork\">\n                        \n                            <div class='wp-tiles-tile-bg'>\n\n                                <img src='https:\/\/izba.wroclawska.komornik.pl\/wp-content\/uploads\/2015\/03\/Fotolia_56912968_L-1024x683.jpg' class='wp-tiles-img' itemprop=\"image\" \/>\n\n                            <\/div>\n                                                \n                            <div class='wp-tiles-byline'>\n\n                                <div class='wp-tiles-byline-wrapper'>\n                                                                \n                                    <div class='wp-tiles-byline-content' itemprop=\"description\">\n                                        <div class=\"boxesplugin\"><p>Biuro IK Wroc\u0142aw<\/p><\/div>\n<div style=\"font-size:14px; \nposition:absolute;\nbottom: 10px;\nleft: 10px;\ncolor: #fff\">\n<ul><li class=\"time\">3 kwietnia 2026<\/li><\/ul><\/div>\n<div class=\"moreread\">\n<p style=\"margin-top:16px; line-height: 18px;\n\">Czytaj<br>ca\u0142o\u015b\u0107<br>\u27f6<\/p><\/div>\n                                    <\/div>\n                                \n                                <\/div>\n\n                            <\/div>\n                        \n                        <\/article>\n                \n                    <\/a>\n                \n                <\/div>\n            \n                <div class='wp-tiles-tile aktualnosci' id='tile-3025'>\n                \n                    <a href=\"https:\/\/izba.wroclawska.komornik.pl\/?p=3025\" title=\"\u017byczenia Wielkanocne\">\n                \n                        <article class='wp-tiles-tile-with-image wp-tiles-tile-wrapper' itemscope itemtype=\"http:\/\/schema.org\/CreativeWork\">\n                        \n                            <div class='wp-tiles-tile-bg'>\n\n                                <img src='https:\/\/izba.wroclawska.komornik.pl\/wp-content\/uploads\/2026\/04\/Zyczenia_wielkanocne_Izby_Komorniczej_we_Wroclawiu-1024x683.jpg' class='wp-tiles-img' itemprop=\"image\" \/>\n\n                            <\/div>\n                                                \n                            <div class='wp-tiles-byline'>\n\n                                <div class='wp-tiles-byline-wrapper'>\n                                                                \n                                    <div class='wp-tiles-byline-content' itemprop=\"description\">\n                                        <div class=\"boxesplugin\"><p>\u017byczenia Wielkanocne<\/p><\/div>\n<div style=\"font-size:14px; \nposition:absolute;\nbottom: 10px;\nleft: 10px;\ncolor: #fff\">\n<ul><li class=\"time\">1 kwietnia 2026<\/li><\/ul><\/div>\n<div class=\"moreread\">\n<p style=\"margin-top:16px; line-height: 18px;\n\">Czytaj<br>ca\u0142o\u015b\u0107<br>\u27f6<\/p><\/div>\n                                    <\/div>\n                                \n                                <\/div>\n\n                            <\/div>\n                        \n                        <\/article>\n                \n                    <\/a>\n                \n                <\/div>\n            \n                <div class='wp-tiles-tile aktualnosci' id='tile-3005'>\n                \n                    <a href=\"https:\/\/izba.wroclawska.komornik.pl\/?p=3005\" title=\"Stanowisko Rady Izby Komorniczej we Wroc\u0142awiu\">\n                \n                        <article class='wp-tiles-tile-with-image wp-tiles-tile-wrapper' itemscope itemtype=\"http:\/\/schema.org\/CreativeWork\">\n                        \n                            <div class='wp-tiles-tile-bg'>\n\n                                <img src='https:\/\/izba.wroclawska.komornik.pl\/wp-content\/uploads\/2015\/03\/Fotolia_56912731_L-1024x683.jpg' class='wp-tiles-img' itemprop=\"image\" \/>\n\n                            <\/div>\n                                                \n                            <div class='wp-tiles-byline'>\n\n                                <div class='wp-tiles-byline-wrapper'>\n                                                                \n                                    <div class='wp-tiles-byline-content' itemprop=\"description\">\n                                        <div class=\"boxesplugin\"><p>Stanowisko Rady Izby Komorniczej we Wroc\u0142awiu<\/p><\/div>\n<div style=\"font-size:14px; \nposition:absolute;\nbottom: 10px;\nleft: 10px;\ncolor: #fff\">\n<ul><li class=\"time\">4 lutego 2026<\/li><\/ul><\/div>\n<div class=\"moreread\">\n<p style=\"margin-top:16px; line-height: 18px;\n\">Czytaj<br>ca\u0142o\u015b\u0107<br>\u27f6<\/p><\/div>\n                                    <\/div>\n                                \n                                <\/div>\n\n                            <\/div>\n                        \n                        <\/article>\n                \n                    <\/a>\n                \n                <\/div>\n            \n                <div class='wp-tiles-tile aktualnosci' id='tile-3003'>\n                \n                    <a href=\"https:\/\/izba.wroclawska.komornik.pl\/?p=3003\" title=\"Stanowisko Dolno\u015bl\u0105skiego Forum Samorz\u0105d\u00f3w Zawod\u00f3w Zaufania Publicznego\">\n                \n                        <article class='wp-tiles-tile-with-image wp-tiles-tile-wrapper' itemscope itemtype=\"http:\/\/schema.org\/CreativeWork\">\n                        \n                            <div class='wp-tiles-tile-bg'>\n\n                                <img src='https:\/\/izba.wroclawska.komornik.pl\/wp-content\/uploads\/2026\/02\/39dff862-8b04-4bd6-a335-bac16c799144.jpg' class='wp-tiles-img' itemprop=\"image\" \/>\n\n                            <\/div>\n                                                \n                            <div class='wp-tiles-byline'>\n\n                                <div class='wp-tiles-byline-wrapper'>\n                                                                \n                                    <div class='wp-tiles-byline-content' itemprop=\"description\">\n                                        <div class=\"boxesplugin\"><p>Stanowisko Dolno\u015bl\u0105skiego Forum Samorz\u0105d\u00f3w Zawod\u00f3w Zaufania Publicznego<\/p><\/div>\n<div style=\"font-size:14px; \nposition:absolute;\nbottom: 10px;\nleft: 10px;\ncolor: #fff\">\n<ul><li class=\"time\">3 lutego 2026<\/li><\/ul><\/div>\n<div class=\"moreread\">\n<p style=\"margin-top:16px; line-height: 18px;\n\">Czytaj<br>ca\u0142o\u015b\u0107<br>\u27f6<\/p><\/div>\n                                    <\/div>\n                                \n                                <\/div>\n\n                            <\/div>\n                        \n                        <\/article>\n                \n                    <\/a>\n                \n                <\/div>\n            \n                <div class='wp-tiles-tile aktualnosci' id='tile-3000'>\n                \n                    <a href=\"https:\/\/izba.wroclawska.komornik.pl\/?p=3000\" title=\"Dolno\u015bl\u0105skie Forum Samorz\u0105d\u00f3w Zawod\u00f3w Zaufania Publicznego (DFSZZP)\">\n                \n                        <article class='wp-tiles-tile-with-image wp-tiles-tile-wrapper' itemscope itemtype=\"http:\/\/schema.org\/CreativeWork\">\n                        \n                            <div class='wp-tiles-tile-bg'>\n\n                                <img src='https:\/\/izba.wroclawska.komornik.pl\/wp-content\/uploads\/2026\/02\/DFSZZP-1024x563.jpeg' class='wp-tiles-img' itemprop=\"image\" \/>\n\n                            <\/div>\n                                                \n                            <div class='wp-tiles-byline'>\n\n                                <div class='wp-tiles-byline-wrapper'>\n                                                                \n                                    <div class='wp-tiles-byline-content' itemprop=\"description\">\n                                        <div class=\"boxesplugin\"><p>Dolno\u015bl\u0105skie Forum Samorz\u0105d\u00f3w Zawod\u00f3w Zaufania Publicznego (DFSZZP)<\/p><\/div>\n<div style=\"font-size:14px; \nposition:absolute;\nbottom: 10px;\nleft: 10px;\ncolor: #fff\">\n<ul><li class=\"time\">3 lutego 2026<\/li><\/ul><\/div>\n<div class=\"moreread\">\n<p style=\"margin-top:16px; line-height: 18px;\n\">Czytaj<br>ca\u0142o\u015b\u0107<br>\u27f6<\/p><\/div>\n                                    <\/div>\n                                \n                                <\/div>\n\n                            <\/div>\n                        \n                        <\/article>\n                \n                    <\/a>\n                \n                <\/div>\n            \n            <\/div>\n\n        <\/div>\n        \n","protected":false},"excerpt":{"rendered":"","protected":false},"author":4,"featured_media":0,"parent":0,"menu_order":0,"comment_status":"open","ping_status":"open","template":"page-nowaglowna.php","meta":{"footnotes":""},"class_list":["post-18","page","type-page","status-publish","hentry"],"_links":{"self":[{"href":"https:\/\/izba.wroclawska.komornik.pl\/index.php?rest_route=\/wp\/v2\/pages\/18","targetHints":{"allow":["GET"]}}],"collection":[{"href":"https:\/\/izba.wroclawska.komornik.pl\/index.php?rest_route=\/wp\/v2\/pages"}],"about":[{"href":"https:\/\/izba.wroclawska.komornik.pl\/index.php?rest_route=\/wp\/v2\/types\/page"}],"author":[{"embeddable":true,"href":"https:\/\/izba.wroclawska.komornik.pl\/index.php?rest_route=\/wp\/v2\/users\/4"}],"replies":[{"embeddable":true,"href":"https:\/\/izba.wroclawska.komornik.pl\/index.php?rest_route=%2Fwp%2Fv2%2Fcomments&post=18"}],"version-history":[{"count":17,"href":"https:\/\/izba.wroclawska.komornik.pl\/index.php?rest_route=\/wp\/v2\/pages\/18\/revisions"}],"predecessor-version":[{"id":1357,"href":"https:\/\/izba.wroclawska.komornik.pl\/index.php?rest_route=\/wp\/v2\/pages\/18\/revisions\/1357"}],"wp:attachment":[{"href":"https:\/\/izba.wroclawska.komornik.pl\/index.php?rest_route=%2Fwp%2Fv2%2Fmedia&parent=18"}],"curies":[{"name":"wp","href":"https:\/\/api.w.org\/{rel}","templated":true}]}}